{"id":306,"date":"2018-05-21T18:17:03","date_gmt":"2018-05-21T16:17:03","guid":{"rendered":"http:\/\/www.yvesbuliard.fr\/?page_id=306"},"modified":"2026-01-07T18:36:43","modified_gmt":"2026-01-07T17:36:43","slug":"site","status":"publish","type":"page","link":"https:\/\/www.yvesbuliard.fr\/?page_id=306","title":{"rendered":"Sites"},"content":{"rendered":"<p>[et_pb_section fb_built=\u00a0\u00bb1&Prime; custom_padding_last_edited=\u00a0\u00bbon|phone\u00a0\u00bb _builder_version=\u00a0\u00bb4.16&Prime; background_color=\u00a0\u00bb#000000&Prime; custom_padding=\u00a0\u00bb28px|0px|54px|0px\u00a0\u00bb custom_padding_tablet=\u00a0\u00bb\u00a0\u00bb custom_padding_phone=\u00a0\u00bb2%||2%|\u00a0\u00bb box_shadow_style=\u00a0\u00bbpreset6&Prime; box_shadow_vertical=\u00a0\u00bb1px\u00a0\u00bb box_shadow_blur=\u00a0\u00bb25px\u00a0\u00bb global_colors_info=\u00a0\u00bb{}\u00a0\u00bb][et_pb_row _builder_version=\u00a0\u00bb4.16&Prime; custom_padding=\u00a0\u00bb0px|||||\u00a0\u00bb global_colors_info=\u00a0\u00bb{}\u00a0\u00bb][et_pb_column type=\u00a0\u00bb4_4&Prime; _builder_version=\u00a0\u00bb4.16&Prime; custom_padding=\u00a0\u00bb|||\u00a0\u00bb global_colors_info=\u00a0\u00bb{}\u00a0\u00bb custom_padding__hover=\u00a0\u00bb|||\u00a0\u00bb][et_pb_text _builder_version=\u00a0\u00bb4.16&Prime; text_font=\u00a0\u00bbAssistant||||||||\u00a0\u00bb text_font_size=\u00a0\u00bb17px\u00a0\u00bb header_font=\u00a0\u00bb||||||||\u00a0\u00bb header_font_size=\u00a0\u00bb51px\u00a0\u00bb header_3_font=\u00a0\u00bb||||||||\u00a0\u00bb header_3_font_size=\u00a0\u00bb39px\u00a0\u00bb text_orientation=\u00a0\u00bbjustified\u00a0\u00bb background_layout=\u00a0\u00bbdark\u00a0\u00bb custom_margin_tablet=\u00a0\u00bb\u00a0\u00bb custom_margin_phone=\u00a0\u00bb\u00a0\u00bb custom_margin_last_edited=\u00a0\u00bbon|desktop\u00a0\u00bb custom_padding=\u00a0\u00bb|||\u00a0\u00bb custom_padding_tablet=\u00a0\u00bb\u00a0\u00bb custom_padding_phone=\u00a0\u00bb\u00a0\u00bb custom_padding_last_edited=\u00a0\u00bbon|desktop\u00a0\u00bb text_font_size_tablet=\u00a0\u00bb\u00a0\u00bb text_font_size_phone=\u00a0\u00bb12px\u00a0\u00bb text_font_size_last_edited=\u00a0\u00bbon|phone\u00a0\u00bb text_letter_spacing_tablet=\u00a0\u00bb\u00a0\u00bb text_letter_spacing_phone=\u00a0\u00bb\u00a0\u00bb text_letter_spacing_last_edited=\u00a0\u00bbon|desktop\u00a0\u00bb global_colors_info=\u00a0\u00bb{}\u00a0\u00bb]<\/p>\n<h1>WEB<\/h1>\n<p>En agences ou comme graphiste et directeur artistique freelance, j\u2019ai r\u00e9alis\u00e9 la charte graphique d\u2019un grand nombre de sites web et d\u2019e-mailing. Je d\u00e9veloppe en HTML ou via wordpress mais en utilisant des visual composer et en retravaillant les css afin de pouvoir cr\u00e9er des sites sur-mesure au pixel pr\u00e8s et qui s&rsquo;adaptent automatiquement au tablette, pc ou mobiles sur lesquels ils sont re\u00e7u (responsive).<\/p>\n<p>[\/et_pb_text][\/et_pb_column][\/et_pb_row][\/et_pb_section][et_pb_section fb_built=\u00a0\u00bb1&Prime; _builder_version=\u00a0\u00bb4.16&Prime; background_color=\u00a0\u00bb#000000&Prime; global_colors_info=\u00a0\u00bb{}\u00a0\u00bb][et_pb_row _builder_version=\u00a0\u00bb4.16&Prime; global_colors_info=\u00a0\u00bb{}\u00a0\u00bb][et_pb_column type=\u00a0\u00bb4_4&Prime; _builder_version=\u00a0\u00bb4.16&Prime; custom_padding=\u00a0\u00bb|||\u00a0\u00bb global_colors_info=\u00a0\u00bb{}\u00a0\u00bb custom_padding__hover=\u00a0\u00bb|||\u00a0\u00bb][et_pb_text _builder_version=\u00a0\u00bb4.16&Prime; text_font=\u00a0\u00bb|||on|||||\u00a0\u00bb text_font_size=\u00a0\u00bb11px\u00a0\u00bb text_line_height=\u00a0\u00bb1em\u00a0\u00bb background_layout=\u00a0\u00bbdark\u00a0\u00bb max_width=\u00a0\u00bb86%\u00a0\u00bb border_width_left=\u00a0\u00bb1px\u00a0\u00bb border_color_left=\u00a0\u00bb#ffffff\u00a0\u00bb global_colors_info=\u00a0\u00bb{}\u00a0\u00bb]<\/p>\n<p><span style=\"font-size: x-small;\">\u00a0 \u00a0 \u00a0Cliquez sur une image pour l&rsquo;agrandir et ouvrir le diaporama<\/span><\/p>\n<p>[\/et_pb_text][\/et_pb_column][\/et_pb_row][et_pb_row _builder_version=\u00a0\u00bb4.16&Prime; global_colors_info=\u00a0\u00bb{}\u00a0\u00bb][et_pb_column type=\u00a0\u00bb4_4&Prime; _builder_version=\u00a0\u00bb4.16&Prime; custom_padding=\u00a0\u00bb|||\u00a0\u00bb global_colors_info=\u00a0\u00bb{}\u00a0\u00bb custom_padding__hover=\u00a0\u00bb|||\u00a0\u00bb][et_pb_text _builder_version=\u00a0\u00bb4.19.5&Prime; custom_margin=\u00a0\u00bb1%|||\u00a0\u00bb hover_enabled=\u00a0\u00bb0&Prime; global_colors_info=\u00a0\u00bb{}\u00a0\u00bb sticky_enabled=\u00a0\u00bb0&Prime;]<\/p>\n\r\n\t\t\t\t\t\n\r\n\t\t\t\t\t<!-- START UNITE GALLERY 1.7.45 -->\r\n\t\t\t\t\t\r\n\t\t\t\t\n\t\t\t<div id='unitegallery_15_1' class='unite-gallery'>\n\t\t\t\t\n\n\t\t\t\t\t\t<img decoding=\"async\" alt=\"Biotherm, cr\u00e9ation d'un intranet de formation\"\n\t\t\t\t\t\t     src=\"\" data-image=\"https:\/\/www.yvesbuliard.fr\/wp-content\/uploads\/2018\/12\/web-3.jpg\"\n\t\t\t\t\t\t     data-thumb=\"https:\/\/www.yvesbuliard.fr\/wp-content\/uploads\/2018\/12\/web-3-768x559.jpg\"\n\t\t\t\t\t\t     title=\"Biotherm, cr\u00e9ation d'un intranet de formation\"\n\t\t\t\t\t\t     style=\"display:none\">\n\n\t\t\t\t\t\t<a href=\"http:\/\/communicationriver.com\/\">\n\t\t\t\t\t\t<img decoding=\"async\" alt=\"Communication River, cr\u00e9ation du site\"\n\t\t\t\t\t\t     src=\"\" data-image=\"https:\/\/www.yvesbuliard.fr\/wp-content\/uploads\/2018\/12\/communication-river.jpg\"\n\t\t\t\t\t\t     data-thumb=\"https:\/\/www.yvesbuliard.fr\/wp-content\/uploads\/2018\/12\/communication-river-768x458.jpg\"\n\t\t\t\t\t\t     title=\"Communication River, cr\u00e9ation du site www.communicationriver.com\"\n\t\t\t\t\t\t     style=\"display:none\">\n\t\t\t\t\t\t<\/a>\n\n\t\t\t\t\t\t<a href=\"http:\/\/eamcom.com\">\n\t\t\t\t\t\t<img decoding=\"async\" alt=\"Eamcom, cr\u00e9ation du logo et du site\"\n\t\t\t\t\t\t     src=\"\" data-image=\"https:\/\/www.yvesbuliard.fr\/wp-content\/uploads\/2018\/12\/eamcoim.jpg\"\n\t\t\t\t\t\t     data-thumb=\"https:\/\/www.yvesbuliard.fr\/wp-content\/uploads\/2018\/12\/eamcoim-768x430.jpg\"\n\t\t\t\t\t\t     title=\"Eamcom, cr\u00e9ation du logo et du site\"\n\t\t\t\t\t\t     style=\"display:none\">\n\t\t\t\t\t\t<\/a>\n\n\t\t\t\t\t\t<img decoding=\"async\" alt=\"Heineken, cr\u00e9ation d'un intranet sur les plan de formation\"\n\t\t\t\t\t\t     src=\"\" data-image=\"https:\/\/www.yvesbuliard.fr\/wp-content\/uploads\/2018\/12\/heineken-formation.jpg\"\n\t\t\t\t\t\t     data-thumb=\"https:\/\/www.yvesbuliard.fr\/wp-content\/uploads\/2018\/12\/heineken-formation-768x532.jpg\"\n\t\t\t\t\t\t     title=\"Heineken, cr\u00e9ation d'un intranet sur les plan de formation\"\n\t\t\t\t\t\t     style=\"display:none\">\n\n\t\t\t\t\t\t<img decoding=\"async\" alt=\"Heineken, cr\u00e9ation d'un intranet sur les plans de carri\u00e8re\"\n\t\t\t\t\t\t     src=\"\" data-image=\"https:\/\/www.yvesbuliard.fr\/wp-content\/uploads\/2018\/12\/site-heineken.jpg\"\n\t\t\t\t\t\t     data-thumb=\"https:\/\/www.yvesbuliard.fr\/wp-content\/uploads\/2018\/12\/site-heineken-768x528.jpg\"\n\t\t\t\t\t\t     title=\"Heineken, cr\u00e9ation d'un intranet sur les plans de carri\u00e8re\"\n\t\t\t\t\t\t     style=\"display:none\">\n\n\t\t\t\t\t\t<img decoding=\"async\" alt=\"GoldSwissServices, cr\u00e9ation du site\"\n\t\t\t\t\t\t     src=\"\" data-image=\"https:\/\/www.yvesbuliard.fr\/wp-content\/uploads\/2018\/12\/web-2.jpg\"\n\t\t\t\t\t\t     data-thumb=\"https:\/\/www.yvesbuliard.fr\/wp-content\/uploads\/2018\/12\/web-2-768x559.jpg\"\n\t\t\t\t\t\t     title=\"GoldSwissServices, cr\u00e9ation du site\"\n\t\t\t\t\t\t     style=\"display:none\">\n\n\t\t\t\t\t\t<img decoding=\"async\" alt=\"Rencontre Prescrire, proposition pour la cr\u00e9ation du site\"\n\t\t\t\t\t\t     src=\"\" data-image=\"https:\/\/www.yvesbuliard.fr\/wp-content\/uploads\/2018\/12\/web2-4.jpg\"\n\t\t\t\t\t\t     data-thumb=\"https:\/\/www.yvesbuliard.fr\/wp-content\/uploads\/2018\/12\/web2-4-768x559.jpg\"\n\t\t\t\t\t\t     title=\"Rencontre Prescrire, proposition pour la cr\u00e9ation du site\"\n\t\t\t\t\t\t     style=\"display:none\">\n\n\t\t\t\t\t\t<a href=\"http:\/\/yvesbuliard-art.fr\/\">\n\t\t\t\t\t\t<img decoding=\"async\" alt=\"yvesbuliard-art, cr\u00e9ation de mon site de peintre\"\n\t\t\t\t\t\t     src=\"\" data-image=\"https:\/\/www.yvesbuliard.fr\/wp-content\/uploads\/2018\/12\/yvesbuliard-art.jpg\"\n\t\t\t\t\t\t     data-thumb=\"https:\/\/www.yvesbuliard.fr\/wp-content\/uploads\/2018\/12\/yvesbuliard-art-768x477.jpg\"\n\t\t\t\t\t\t     title=\"yvesbuliard-art, cr\u00e9ation de mon site de peintre\"\n\t\t\t\t\t\t     style=\"display:none\">\n\t\t\t\t\t\t<\/a>\n\n\t\t\t\t\t\t<img decoding=\"async\" alt=\"Carrefour, cr\u00e9ation du site op\u00e9ration des chef\"\n\t\t\t\t\t\t     src=\"\" data-image=\"https:\/\/www.yvesbuliard.fr\/wp-content\/uploads\/2018\/12\/web2-5.jpg\"\n\t\t\t\t\t\t     data-thumb=\"https:\/\/www.yvesbuliard.fr\/wp-content\/uploads\/2018\/12\/web2-5-768x559.jpg\"\n\t\t\t\t\t\t     title=\"Carrefour, cr\u00e9ation du site op\u00e9ration des chef\"\n\t\t\t\t\t\t     style=\"display:none\">\n\n\t\t\t\t\t\t<img decoding=\"async\" alt=\"Sofreavia, cr\u00e9ation du site\"\n\t\t\t\t\t\t     src=\"\" data-image=\"https:\/\/www.yvesbuliard.fr\/wp-content\/uploads\/2018\/12\/web3-1.jpg\"\n\t\t\t\t\t\t     data-thumb=\"https:\/\/www.yvesbuliard.fr\/wp-content\/uploads\/2018\/12\/web3-1-768x559.jpg\"\n\t\t\t\t\t\t     title=\"Sofreavia, cr\u00e9ation du site\"\n\t\t\t\t\t\t     style=\"display:none\">\n\n\t\t\t\t\t\t<img decoding=\"async\" alt=\"Health Clinic Tunisia, cr\u00e9ation du site\"\n\t\t\t\t\t\t     src=\"\" data-image=\"https:\/\/www.yvesbuliard.fr\/wp-content\/uploads\/2018\/12\/web4-1.jpg\"\n\t\t\t\t\t\t     data-thumb=\"https:\/\/www.yvesbuliard.fr\/wp-content\/uploads\/2018\/12\/web4-1-768x559.jpg\"\n\t\t\t\t\t\t     title=\"Health Clinic Tunisia, cr\u00e9ation du site\"\n\t\t\t\t\t\t     style=\"display:none\">\n\n\t\t\t\t\t\t<img decoding=\"async\" alt=\"Health Clinic Tunisia, cr\u00e9ation du site\"\n\t\t\t\t\t\t     src=\"\" data-image=\"https:\/\/www.yvesbuliard.fr\/wp-content\/uploads\/2018\/12\/web5-1.jpg\"\n\t\t\t\t\t\t     data-thumb=\"https:\/\/www.yvesbuliard.fr\/wp-content\/uploads\/2018\/12\/web5-1-768x559.jpg\"\n\t\t\t\t\t\t     title=\"Health Clinic Tunisia, cr\u00e9ation du site\"\n\t\t\t\t\t\t     style=\"display:none\">\n\n\t\t\t\t\t\t<img decoding=\"async\" alt=\"Axense Sant\u00e9, cr\u00e9ation du site\"\n\t\t\t\t\t\t     src=\"\" data-image=\"https:\/\/www.yvesbuliard.fr\/wp-content\/uploads\/2018\/12\/web6-1.jpg\"\n\t\t\t\t\t\t     data-thumb=\"https:\/\/www.yvesbuliard.fr\/wp-content\/uploads\/2018\/12\/web6-1-768x559.jpg\"\n\t\t\t\t\t\t     title=\"Axense Sant\u00e9, cr\u00e9ation du site\"\n\t\t\t\t\t\t     style=\"display:none\">\n\n\t\t\t\t\t\t<img decoding=\"async\" alt=\"Danone Sant\u00e9, proposition pour la cr\u00e9ation du site\"\n\t\t\t\t\t\t     src=\"\" data-image=\"https:\/\/www.yvesbuliard.fr\/wp-content\/uploads\/2018\/12\/web7-1.jpg\"\n\t\t\t\t\t\t     data-thumb=\"https:\/\/www.yvesbuliard.fr\/wp-content\/uploads\/2018\/12\/web7-1-768x559.jpg\"\n\t\t\t\t\t\t     title=\"Danone Sant\u00e9, proposition pour la cr\u00e9ation du site\"\n\t\t\t\t\t\t     style=\"display:none\">\n\n\t\t\t\t\t\t<img decoding=\"async\" alt=\"Colas, Rencontre Prescrire, cr\u00e9ation d'une m\u00e9diath\u00e8que\"\n\t\t\t\t\t\t     src=\"\" data-image=\"https:\/\/www.yvesbuliard.fr\/wp-content\/uploads\/2018\/12\/web13-1.jpg\"\n\t\t\t\t\t\t     data-thumb=\"https:\/\/www.yvesbuliard.fr\/wp-content\/uploads\/2018\/12\/web13-1-768x559.jpg\"\n\t\t\t\t\t\t     title=\"Colas, Rencontre Prescrire, cr\u00e9ation d'une m\u00e9diath\u00e8que\"\n\t\t\t\t\t\t     style=\"display:none\">\n\n\t\t\t\t\t\t<img decoding=\"async\" alt=\"Colas, Rencontre Prescrire, cr\u00e9ation d'un intranet\"\n\t\t\t\t\t\t     src=\"\" data-image=\"https:\/\/www.yvesbuliard.fr\/wp-content\/uploads\/2018\/12\/web14-1.jpg\"\n\t\t\t\t\t\t     data-thumb=\"https:\/\/www.yvesbuliard.fr\/wp-content\/uploads\/2018\/12\/web14-1-768x559.jpg\"\n\t\t\t\t\t\t     title=\"Colas, Rencontre Prescrire, cr\u00e9ation d'un intranet\"\n\t\t\t\t\t\t     style=\"display:none\">\n\n\t\t\t\t\t\t<img decoding=\"async\" alt=\"Delphine Martin, cr\u00e9ation du site\"\n\t\t\t\t\t\t     src=\"\" data-image=\"https:\/\/www.yvesbuliard.fr\/wp-content\/uploads\/2018\/12\/web20-1.jpg\"\n\t\t\t\t\t\t     data-thumb=\"https:\/\/www.yvesbuliard.fr\/wp-content\/uploads\/2018\/12\/web20-1-768x559.jpg\"\n\t\t\t\t\t\t     title=\"Delphine Martin, cr\u00e9ation du site\"\n\t\t\t\t\t\t     style=\"display:none\">\n\n\t\t\t\t\t\t<img decoding=\"async\" alt=\"Apsys, proposition pour la cr\u00e9ation du site\"\n\t\t\t\t\t\t     src=\"\" data-image=\"https:\/\/www.yvesbuliard.fr\/wp-content\/uploads\/2018\/12\/webapsys-1.jpg\"\n\t\t\t\t\t\t     data-thumb=\"https:\/\/www.yvesbuliard.fr\/wp-content\/uploads\/2018\/12\/webapsys-1-768x559.jpg\"\n\t\t\t\t\t\t     title=\"Apsys, proposition pour la cr\u00e9ation du site\"\n\t\t\t\t\t\t     style=\"display:none\">\n\n\t\t\t\t\t\t<a href=\"http:\/\/aquoisertlaconcurrence.org\/\">\n\t\t\t\t\t\t<img decoding=\"async\" alt=\"\u00c0 quoi sert la concurrence, cr\u00e9ation du site\"\n\t\t\t\t\t\t     src=\"\" data-image=\"https:\/\/www.yvesbuliard.fr\/wp-content\/uploads\/2018\/12\/aqslc-1.jpg\"\n\t\t\t\t\t\t     data-thumb=\"https:\/\/www.yvesbuliard.fr\/wp-content\/uploads\/2018\/12\/aqslc-1-768x437.jpg\"\n\t\t\t\t\t\t     title=\"\u00c0 quoi sert la concurrence, cr\u00e9ation du site\"\n\t\t\t\t\t\t     style=\"display:none\">\n\t\t\t\t\t\t<\/a>\n\n\t\t\t\t\t\t<a href=\"http:\/\/fbcmanagement.com\/\">\n\t\t\t\t\t\t<img decoding=\"async\" alt=\"FBC Management, cr\u00e9ation du logo et du site\"\n\t\t\t\t\t\t     src=\"\" data-image=\"https:\/\/www.yvesbuliard.fr\/wp-content\/uploads\/2018\/12\/fnc-management.jpg\"\n\t\t\t\t\t\t     data-thumb=\"https:\/\/www.yvesbuliard.fr\/wp-content\/uploads\/2018\/12\/fnc-management-768x732.jpg\"\n\t\t\t\t\t\t     title=\"FBC Management, cr\u00e9ation du logo et du site\"\n\t\t\t\t\t\t     style=\"display:none\">\n\t\t\t\t\t\t<\/a>\n\n\t\t\t\t\t\t<img decoding=\"async\" alt=\"Lacure Officine, proposition pour la cr\u00e9ation du site\"\n\t\t\t\t\t\t     src=\"\" data-image=\"https:\/\/www.yvesbuliard.fr\/wp-content\/uploads\/2018\/12\/lacure-5.jpg\"\n\t\t\t\t\t\t     data-thumb=\"https:\/\/www.yvesbuliard.fr\/wp-content\/uploads\/2018\/12\/lacure-5-768x559.jpg\"\n\t\t\t\t\t\t     title=\"Lacure Officine, proposition pour la cr\u00e9ation du site\"\n\t\t\t\t\t\t     style=\"display:none\">\n\n\t\t\t\t\t\t<a href=\"https:\/\/www.snes.edu\/\">\n\t\t\t\t\t\t<img decoding=\"async\" alt=\"SNES, Cr\u00e9ation du site\"\n\t\t\t\t\t\t     src=\"\" data-image=\"https:\/\/www.yvesbuliard.fr\/wp-content\/uploads\/2018\/12\/snes-1.jpg\"\n\t\t\t\t\t\t     data-thumb=\"https:\/\/www.yvesbuliard.fr\/wp-content\/uploads\/2018\/12\/snes-1-724x768.jpg\"\n\t\t\t\t\t\t     title=\"SNES, Cr\u00e9ation du site\"\n\t\t\t\t\t\t     style=\"display:none\">\n\t\t\t\t\t\t<\/a>\n\n\t\t\t\t\t\t<a href=\"http:\/\/www.tamsenservices.com\/\">\n\t\t\t\t\t\t<img decoding=\"async\" alt=\"Tamsen, cr\u00e9ation du site\"\n\t\t\t\t\t\t     src=\"\" data-image=\"https:\/\/www.yvesbuliard.fr\/wp-content\/uploads\/2018\/12\/tamsen-2.jpg\"\n\t\t\t\t\t\t     data-thumb=\"https:\/\/www.yvesbuliard.fr\/wp-content\/uploads\/2018\/12\/tamsen-2-768x732.jpg\"\n\t\t\t\t\t\t     title=\"Tamsen, cr\u00e9ation du site\"\n\t\t\t\t\t\t     style=\"display:none\">\n\t\t\t\t\t\t<\/a>\n\n\t\t\t\t\t\t<img decoding=\"async\" alt=\"Cr\u00e9ation du site de Yuken (un artiste electro)\"\n\t\t\t\t\t\t     src=\"\" data-image=\"https:\/\/www.yvesbuliard.fr\/wp-content\/uploads\/2021\/09\/site-yuken.jpg\"\n\t\t\t\t\t\t     data-thumb=\"https:\/\/www.yvesbuliard.fr\/wp-content\/uploads\/2021\/09\/site-yuken-738x768.jpg\"\n\t\t\t\t\t\t     title=\"Cr\u00e9ation du site de Yuken (un artiste electro)\"\n\t\t\t\t\t\t     style=\"display:none\">\n\t\t\t<\/div>\n\n\t\t\t<script type='text\/javascript'>\n\t\t\t\twindow.onload = function(e) {\n\t\t\t\t\tif(typeof ugCheckForErrors == \"undefined\"){\n\t\t\t\t\t\tdocument.getElementById(\"unitegallery_15_1\").innerHTML = \"<span style='color:red'>Unite Gallery Error - gallery js and css files not included in the footer. Please make sure that wp_footer() function is added to your theme.<\/span>\";}\n\t\t\t\t\telse{ ugCheckForErrors(\"unitegallery_15_1\", \"jquery\");}\n\t\t\t\t};\n\t\t\t<\/script>\n\n\t\t\t<!-- END UNITEGALLERY -->\n<p>[\/et_pb_text][\/et_pb_column][\/et_pb_row][\/et_pb_section][et_pb_section fb_built=\u00a0\u00bb1&Prime; custom_padding_last_edited=\u00a0\u00bbon|phone\u00a0\u00bb _builder_version=\u00a0\u00bb3.0.106&Prime; background_color=\u00a0\u00bb#303030&Prime; custom_padding=\u00a0\u00bb25px|0px|34px|0px\u00a0\u00bb custom_padding_tablet=\u00a0\u00bb\u00a0\u00bb custom_padding_phone=\u00a0\u00bb1%|||\u00a0\u00bb box_shadow_style=\u00a0\u00bbpreset6&Prime; box_shadow_horizontal=\u00a0\u00bb-3px\u00a0\u00bb box_shadow_vertical=\u00a0\u00bb17px\u00a0\u00bb box_shadow_blur=\u00a0\u00bb31px\u00a0\u00bb box_shadow_spread=\u00a0\u00bb-7px\u00a0\u00bb box_shadow_color=\u00a0\u00bbrgba(0,0,0,0.31)\u00a0\u00bb global_module=\u00a0\u00bb148&Prime; saved_tabs=\u00a0\u00bball\u00a0\u00bb global_colors_info=\u00a0\u00bb{}\u00a0\u00bb][et_pb_row _builder_version=\u00a0\u00bb4.16&Prime; global_colors_info=\u00a0\u00bb{}\u00a0\u00bb][et_pb_column type=\u00a0\u00bb4_4&Prime; _builder_version=\u00a0\u00bb4.16&Prime; custom_padding=\u00a0\u00bb|||\u00a0\u00bb global_colors_info=\u00a0\u00bb{}\u00a0\u00bb custom_padding__hover=\u00a0\u00bb|||\u00a0\u00bb][et_pb_text _builder_version=\u00a0\u00bb4.16&Prime; text_font=\u00a0\u00bb||||||||\u00a0\u00bb text_font_size=\u00a0\u00bb15px\u00a0\u00bb text_line_height=\u00a0\u00bb1.5em\u00a0\u00bb background_layout=\u00a0\u00bbdark\u00a0\u00bb inline_fonts=\u00a0\u00bbAlice\u00a0\u00bb global_colors_info=\u00a0\u00bb{}\u00a0\u00bb]<\/p>\n<p>CONTACT<\/p>\n<p>\u00a0<\/p>\n<p>[\/et_pb_text][et_pb_text _builder_version=\u00a0\u00bb4.16&Prime; text_font=\u00a0\u00bb||||||||\u00a0\u00bb text_font_size=\u00a0\u00bb18px\u00a0\u00bb header_font=\u00a0\u00bb||||||||\u00a0\u00bb header_font_size=\u00a0\u00bb27px\u00a0\u00bb custom_margin=\u00a0\u00bb-50||-15px|\u00a0\u00bb custom_padding=\u00a0\u00bb|||\u00a0\u00bb inline_fonts=\u00a0\u00bbAlice\u00a0\u00bb global_colors_info=\u00a0\u00bb{}\u00a0\u00bb]<\/p>\n<p><span style=\"color: #ffffff;\"> <span style=\"font-size: x-large;\">06 67 29 85 43\u00a0<\/span> \u00a0I\u00a0 <\/span><a href=\"mailto:%20yvesbuliard@gmail.com\"><span style=\"color: #ffffff;\">yvesbuliard@gmail.com<\/span><\/a><\/p>\n<p>[\/et_pb_text][\/et_pb_column][\/et_pb_row][\/et_pb_section]<\/p>\n","protected":false},"excerpt":{"rendered":"<p>WEB En agences ou comme graphiste et directeur artistique freelance, j\u2019ai r\u00e9alis\u00e9 la charte graphique d\u2019un grand nombre de sites web et d\u2019e-mailing. Je d\u00e9veloppe en HTML ou via wordpress mais en utilisant des visual composer et en retravaillant les css afin de pouvoir cr\u00e9er des sites sur-mesure au pixel pr\u00e8s et qui s&rsquo;adaptent automatiquement [&hellip;]<\/p>\n","protected":false},"author":1,"featured_media":0,"parent":0,"menu_order":0,"comment_status":"closed","ping_status":"closed","template":"","meta":{"_et_pb_use_builder":"on","_et_pb_old_content":"","_et_gb_content_width":"","footnotes":""},"class_list":["post-306","page","type-page","status-publish","hentry"],"yoast_head":"<!-- This site is optimized with the Yoast SEO plugin v24.6 - https:\/\/yoast.com\/wordpress\/plugins\/seo\/ -->\n<title>Sites - yvesbuliard.fr<\/title>\n<meta name=\"description\" content=\"webmaster, cr\u00e9ation de sites web, charte graphiques de site, d\u00e9veloppement, responsive, cr\u00e9ation d&#039;e-mailing et d&#039;e-newsletter, UI design, motion design\" \/>\n<meta name=\"robots\" content=\"index, follow, max-snippet:-1, max-image-preview:large, max-video-preview:-1\" \/>\n<link rel=\"canonical\" href=\"https:\/\/www.yvesbuliard.fr\/?page_id=306\" \/>\n<meta property=\"og:locale\" content=\"fr_FR\" \/>\n<meta property=\"og:type\" content=\"article\" \/>\n<meta property=\"og:title\" content=\"Sites - yvesbuliard.fr\" \/>\n<meta property=\"og:description\" content=\"webmaster, cr\u00e9ation de sites web, charte graphiques de site, d\u00e9veloppement, responsive, cr\u00e9ation d&#039;e-mailing et d&#039;e-newsletter, UI design, motion design\" \/>\n<meta property=\"og:url\" content=\"https:\/\/www.yvesbuliard.fr\/?page_id=306\" \/>\n<meta property=\"og:site_name\" content=\"yvesbuliard.fr\" \/>\n<meta property=\"article:modified_time\" content=\"2026-01-07T17:36:43+00:00\" \/>\n<meta name=\"twitter:card\" content=\"summary_large_image\" \/>\n<meta name=\"twitter:label1\" content=\"Dur\u00e9e de lecture estim\u00e9e\" \/>\n\t<meta name=\"twitter:data1\" content=\"3 minutes\" \/>\n<script type=\"application\/ld+json\" class=\"yoast-schema-graph\">{\"@context\":\"https:\/\/schema.org\",\"@graph\":[{\"@type\":\"WebPage\",\"@id\":\"https:\/\/www.yvesbuliard.fr\/?page_id=306\",\"url\":\"https:\/\/www.yvesbuliard.fr\/?page_id=306\",\"name\":\"Sites - yvesbuliard.fr\",\"isPartOf\":{\"@id\":\"https:\/\/www.yvesbuliard.fr\/#website\"},\"datePublished\":\"2018-05-21T16:17:03+00:00\",\"dateModified\":\"2026-01-07T17:36:43+00:00\",\"description\":\"webmaster, cr\u00e9ation de sites web, charte graphiques de site, d\u00e9veloppement, responsive, cr\u00e9ation d'e-mailing et d'e-newsletter, UI design, motion design\",\"breadcrumb\":{\"@id\":\"https:\/\/www.yvesbuliard.fr\/?page_id=306#breadcrumb\"},\"inLanguage\":\"fr-FR\",\"potentialAction\":[{\"@type\":\"ReadAction\",\"target\":[\"https:\/\/www.yvesbuliard.fr\/?page_id=306\"]}]},{\"@type\":\"BreadcrumbList\",\"@id\":\"https:\/\/www.yvesbuliard.fr\/?page_id=306#breadcrumb\",\"itemListElement\":[{\"@type\":\"ListItem\",\"position\":1,\"name\":\"Accueil\",\"item\":\"https:\/\/www.yvesbuliard.fr\/\"},{\"@type\":\"ListItem\",\"position\":2,\"name\":\"Sites\"}]},{\"@type\":\"WebSite\",\"@id\":\"https:\/\/www.yvesbuliard.fr\/#website\",\"url\":\"https:\/\/www.yvesbuliard.fr\/\",\"name\":\"yvesbuliard.fr\",\"description\":\"directeur artistique freelance\",\"publisher\":{\"@id\":\"https:\/\/www.yvesbuliard.fr\/#\/schema\/person\/e1b40964e8226af0d41fbdc8803aa990\"},\"potentialAction\":[{\"@type\":\"SearchAction\",\"target\":{\"@type\":\"EntryPoint\",\"urlTemplate\":\"https:\/\/www.yvesbuliard.fr\/?s={search_term_string}\"},\"query-input\":{\"@type\":\"PropertyValueSpecification\",\"valueRequired\":true,\"valueName\":\"search_term_string\"}}],\"inLanguage\":\"fr-FR\"},{\"@type\":[\"Person\",\"Organization\"],\"@id\":\"https:\/\/www.yvesbuliard.fr\/#\/schema\/person\/e1b40964e8226af0d41fbdc8803aa990\",\"name\":\"Yves Buliard\",\"image\":{\"@type\":\"ImageObject\",\"inLanguage\":\"fr-FR\",\"@id\":\"https:\/\/www.yvesbuliard.fr\/#\/schema\/person\/image\/\",\"url\":\"https:\/\/www.yvesbuliard.fr\/wp-content\/uploads\/2022\/12\/portrait-pro-2.jpg\",\"contentUrl\":\"https:\/\/www.yvesbuliard.fr\/wp-content\/uploads\/2022\/12\/portrait-pro-2.jpg\",\"width\":1920,\"height\":2876,\"caption\":\"Yves Buliard\"},\"logo\":{\"@id\":\"https:\/\/www.yvesbuliard.fr\/#\/schema\/person\/image\/\"}}]}<\/script>\n<!-- \/ Yoast SEO plugin. -->","yoast_head_json":{"title":"Sites - yvesbuliard.fr","description":"webmaster, cr\u00e9ation de sites web, charte graphiques de site, d\u00e9veloppement, responsive, cr\u00e9ation d'e-mailing et d'e-newsletter, UI design, motion design","robots":{"index":"index","follow":"follow","max-snippet":"max-snippet:-1","max-image-preview":"max-image-preview:large","max-video-preview":"max-video-preview:-1"},"canonical":"https:\/\/www.yvesbuliard.fr\/?page_id=306","og_locale":"fr_FR","og_type":"article","og_title":"Sites - yvesbuliard.fr","og_description":"webmaster, cr\u00e9ation de sites web, charte graphiques de site, d\u00e9veloppement, responsive, cr\u00e9ation d'e-mailing et d'e-newsletter, UI design, motion design","og_url":"https:\/\/www.yvesbuliard.fr\/?page_id=306","og_site_name":"yvesbuliard.fr","article_modified_time":"2026-01-07T17:36:43+00:00","twitter_card":"summary_large_image","twitter_misc":{"Dur\u00e9e de lecture estim\u00e9e":"3 minutes"},"schema":{"@context":"https:\/\/schema.org","@graph":[{"@type":"WebPage","@id":"https:\/\/www.yvesbuliard.fr\/?page_id=306","url":"https:\/\/www.yvesbuliard.fr\/?page_id=306","name":"Sites - yvesbuliard.fr","isPartOf":{"@id":"https:\/\/www.yvesbuliard.fr\/#website"},"datePublished":"2018-05-21T16:17:03+00:00","dateModified":"2026-01-07T17:36:43+00:00","description":"webmaster, cr\u00e9ation de sites web, charte graphiques de site, d\u00e9veloppement, responsive, cr\u00e9ation d'e-mailing et d'e-newsletter, UI design, motion design","breadcrumb":{"@id":"https:\/\/www.yvesbuliard.fr\/?page_id=306#breadcrumb"},"inLanguage":"fr-FR","potentialAction":[{"@type":"ReadAction","target":["https:\/\/www.yvesbuliard.fr\/?page_id=306"]}]},{"@type":"BreadcrumbList","@id":"https:\/\/www.yvesbuliard.fr\/?page_id=306#breadcrumb","itemListElement":[{"@type":"ListItem","position":1,"name":"Accueil","item":"https:\/\/www.yvesbuliard.fr\/"},{"@type":"ListItem","position":2,"name":"Sites"}]},{"@type":"WebSite","@id":"https:\/\/www.yvesbuliard.fr\/#website","url":"https:\/\/www.yvesbuliard.fr\/","name":"yvesbuliard.fr","description":"directeur artistique freelance","publisher":{"@id":"https:\/\/www.yvesbuliard.fr\/#\/schema\/person\/e1b40964e8226af0d41fbdc8803aa990"},"potentialAction":[{"@type":"SearchAction","target":{"@type":"EntryPoint","urlTemplate":"https:\/\/www.yvesbuliard.fr\/?s={search_term_string}"},"query-input":{"@type":"PropertyValueSpecification","valueRequired":true,"valueName":"search_term_string"}}],"inLanguage":"fr-FR"},{"@type":["Person","Organization"],"@id":"https:\/\/www.yvesbuliard.fr\/#\/schema\/person\/e1b40964e8226af0d41fbdc8803aa990","name":"Yves Buliard","image":{"@type":"ImageObject","inLanguage":"fr-FR","@id":"https:\/\/www.yvesbuliard.fr\/#\/schema\/person\/image\/","url":"https:\/\/www.yvesbuliard.fr\/wp-content\/uploads\/2022\/12\/portrait-pro-2.jpg","contentUrl":"https:\/\/www.yvesbuliard.fr\/wp-content\/uploads\/2022\/12\/portrait-pro-2.jpg","width":1920,"height":2876,"caption":"Yves Buliard"},"logo":{"@id":"https:\/\/www.yvesbuliard.fr\/#\/schema\/person\/image\/"}}]}},"_links":{"self":[{"href":"https:\/\/www.yvesbuliard.fr\/index.php?rest_route=\/wp\/v2\/pages\/306","targetHints":{"allow":["GET"]}}],"collection":[{"href":"https:\/\/www.yvesbuliard.fr\/index.php?rest_route=\/wp\/v2\/pages"}],"about":[{"href":"https:\/\/www.yvesbuliard.fr\/index.php?rest_route=\/wp\/v2\/types\/page"}],"author":[{"embeddable":true,"href":"https:\/\/www.yvesbuliard.fr\/index.php?rest_route=\/wp\/v2\/users\/1"}],"replies":[{"embeddable":true,"href":"https:\/\/www.yvesbuliard.fr\/index.php?rest_route=%2Fwp%2Fv2%2Fcomments&post=306"}],"version-history":[{"count":12,"href":"https:\/\/www.yvesbuliard.fr\/index.php?rest_route=\/wp\/v2\/pages\/306\/revisions"}],"predecessor-version":[{"id":1674,"href":"https:\/\/www.yvesbuliard.fr\/index.php?rest_route=\/wp\/v2\/pages\/306\/revisions\/1674"}],"wp:attachment":[{"href":"https:\/\/www.yvesbuliard.fr\/index.php?rest_route=%2Fwp%2Fv2%2Fmedia&parent=306"}],"curies":[{"name":"wp","href":"https:\/\/api.w.org\/{rel}","templated":true}]}}